{"id":122,"date":"2026-04-13T02:29:17","date_gmt":"2026-04-13T02:29:17","guid":{"rendered":"https:\/\/noalcablebus.com\/?page_id=122"},"modified":"2026-04-14T20:50:54","modified_gmt":"2026-04-14T20:50:54","slug":"pronuciamientos-2","status":"publish","type":"page","link":"https:\/\/noalcablebus.com\/?page_id=122","title":{"rendered":"Herramientas Jur\u00eddicas"},"content":{"rendered":"<p>[et_pb_section fb_built=&#8221;1&#8243; fullwidth=&#8221;on&#8221; next_background_color=&#8221;#FFFFFF&#8221; admin_label=&#8221;Header Section&#8221; _builder_version=&#8221;4.27.6&#8243; background_color=&#8221;#000000&#8243; bottom_divider_style=&#8221;ramp&#8221; bottom_divider_flip=&#8221;horizontal&#8221; global_colors_info=&#8221;{}&#8221;][et_pb_fullwidth_header subhead=&#8221;Herramientas Jur\u00eddcas&#8221; content_max_width=&#8221;640px&#8221; _builder_version=&#8221;4.27.6&#8243; title_font=&#8221;Oswald|||on|||||&#8221; title_font_size=&#8221;20px&#8221; title_letter_spacing=&#8221;3px&#8221; title_line_height=&#8221;1.5em&#8221; content_font=&#8221;Lora||||||||&#8221; content_font_size=&#8221;22px&#8221; content_line_height=&#8221;2em&#8221; subhead_font=&#8221;Lora|700|||||||&#8221; subhead_text_color=&#8221;#FFFFFF&#8221; subhead_font_size=&#8221;80px&#8221; subhead_line_height=&#8221;1.5em&#8221; background_color=&#8221;rgba(255,255,255,0)&#8221; background_image=&#8221;https:\/\/noalcablebus.com\/wp-content\/uploads\/2026\/04\/Herramientas-Juridicas-scaled.png&#8221; parallax=&#8221;on&#8221; parallax_method=&#8221;on&#8221; custom_button_one=&#8221;on&#8221; button_one_text_size=&#8221;16px&#8221; button_one_text_color=&#8221;#ffffff&#8221; button_one_bg_color=&#8221;#d29f68&#8243; button_one_border_width=&#8221;15px&#8221; button_one_border_color=&#8221;rgba(210,159,104,0)&#8221; button_one_border_radius=&#8221;100px&#8221; button_one_letter_spacing=&#8221;3px&#8221; button_one_font=&#8221;Oswald|||on|||||&#8221; button_one_use_icon=&#8221;off&#8221; custom_button_two=&#8221;on&#8221; button_two_text_size=&#8221;16px&#8221; button_two_text_color=&#8221;#ffffff&#8221; button_two_bg_color=&#8221;rgba(0,0,0,0.35)&#8221; button_two_border_width=&#8221;15px&#8221; button_two_border_color=&#8221;rgba(0,0,0,0)&#8221; button_two_border_radius=&#8221;100px&#8221; button_two_letter_spacing=&#8221;3px&#8221; button_two_font=&#8221;Oswald|||on|||||&#8221; button_two_use_icon=&#8221;off&#8221; background_layout=&#8221;light&#8221; custom_margin=&#8221;|||&#8221; custom_padding=&#8221;10vw||10vw||true&#8221; animation_style=&#8221;zoom&#8221; animation_duration=&#8221;2000ms&#8221; animation_intensity_zoom=&#8221;4%&#8221; hover_enabled=&#8221;0&#8243; subhead_font_size_tablet=&#8221;80px&#8221; subhead_font_size_phone=&#8221;50px&#8221; subhead_font_size_last_edited=&#8221;on|desktop&#8221; subhead_text_shadow_style=&#8221;preset1&#8243; button_one_border_radius_hover=&#8221;100px&#8221; button_one_bg_color_hover=&#8221;#cc8d66&#8243; button_two_bg_color_hover=&#8221;#d29f68&#8243; global_colors_info=&#8221;{}&#8221; button_one_text_size__hover_enabled=&#8221;off&#8221; button_two_text_size__hover_enabled=&#8221;off&#8221; button_one_text_color__hover_enabled=&#8221;off&#8221; button_two_text_color__hover_enabled=&#8221;off&#8221; button_one_border_width__hover_enabled=&#8221;off&#8221; button_two_border_width__hover_enabled=&#8221;off&#8221; button_one_border_color__hover_enabled=&#8221;off&#8221; button_two_border_color__hover_enabled=&#8221;off&#8221; button_one_border_radius__hover_enabled=&#8221;on&#8221; button_one_border_radius__hover=&#8221;100px&#8221; button_two_border_radius__hover_enabled=&#8221;off&#8221; button_one_letter_spacing__hover_enabled=&#8221;off&#8221; button_two_letter_spacing__hover_enabled=&#8221;off&#8221; button_one_bg_color__hover_enabled=&#8221;on&#8221; button_one_bg_color__hover=&#8221;#cc8d66&#8243; button_two_bg_color__hover_enabled=&#8221;on&#8221; button_two_bg_color__hover=&#8221;#d29f68&#8243; title_text=&#8221;Herramientas Juridicas&#8221; sticky_enabled=&#8221;0&#8243;][\/et_pb_fullwidth_header][\/et_pb_section][et_pb_section fb_built=&#8221;1&#8243; admin_label=&#8221;Services Section&#8221; _builder_version=&#8221;4.27.6&#8243; background_color=&#8221;#FFFFFF&#8221; custom_padding=&#8221;80px||0||false|false&#8221; hover_enabled=&#8221;0&#8243; custom_css_free_form=&#8221;\talign-items: center;&#8221; global_colors_info=&#8221;{}&#8221; sticky_enabled=&#8221;0&#8243;][et_pb_row _builder_version=&#8221;4.27.6&#8243; _module_preset=&#8221;default&#8221;][et_pb_column _builder_version=&#8221;4.27.6&#8243; _module_preset=&#8221;default&#8221; type=&#8221;4_4&#8243;][et_pb_heading _builder_version=&#8221;4.27.6&#8243; _module_preset=&#8221;default&#8221; title=&#8221;Recursos para Defender y Defenderse&#8221; hover_enabled=&#8221;0&#8243; sticky_enabled=&#8221;0&#8243;][\/et_pb_heading][\/et_pb_column][\/et_pb_row][et_pb_row column_structure=&#8221;2_5,3_5&#8243; make_equal=&#8221;on&#8221; _builder_version=&#8221;4.27.6&#8243; _module_preset=&#8221;default&#8221; module_alignment=&#8221;center&#8221; custom_margin=&#8221;30px||30px||false|false&#8221; animation_style=&#8221;fade&#8221; hover_enabled=&#8221;0&#8243; custom_css_free_form=&#8221;selector {\talign-items: center; }&#8221; global_colors_info=&#8221;{}&#8221; sticky_enabled=&#8221;0&#8243;][et_pb_column type=&#8221;2_5&#8243; _builder_version=&#8221;4.27.6&#8243; _module_preset=&#8221;default&#8221; hover_enabled=&#8221;0&#8243; global_colors_info=&#8221;{}&#8221; background_color=&#8221;RGBA(255,255,255,0)&#8221; sticky_enabled=&#8221;0&#8243;][et_pb_image src=&#8221;https:\/\/noalcablebus.com\/wp-content\/uploads\/2026\/04\/Recursos-Juridicos-2.png&#8221; title_text=&#8221;Recursos Juridicos-2&#8243; align=&#8221;center&#8221; _builder_version=&#8221;4.27.6&#8243; _module_preset=&#8221;default&#8221; hover_enabled=&#8221;0&#8243; global_colors_info=&#8221;{}&#8221; background_color=&#8221;#1e4127&#8243; sticky_enabled=&#8221;0&#8243; admin_label=&#8221;Image&#8221;][\/et_pb_image][\/et_pb_column][et_pb_column type=&#8221;3_5&#8243; _builder_version=&#8221;4.27.6&#8243; _module_preset=&#8221;default&#8221; global_colors_info=&#8221;{}&#8221;][et_pb_text _builder_version=&#8221;4.27.6&#8243; _module_preset=&#8221;default&#8221; hover_enabled=&#8221;0&#8243; z_index_tablet=&#8221;&#8221; z_index_phone=&#8221;&#8221; z_index_last_edited=&#8221;on|phone&#8221; global_colors_info=&#8221;{}&#8221; sticky_enabled=&#8221;0&#8243;]<\/p>\n<h1 class=\"\"><\/h1>\n<p><span><\/span><\/p>\n<h3 data-start=\"1836\" data-end=\"1879\">Defensa del territorio<\/h3>\n<h3 data-start=\"1836\" data-end=\"1879\"><\/h3>\n<ul data-start=\"1881\" data-end=\"2974\">\n<li data-start=\"1881\" data-end=\"2003\"><a href=\"https:\/\/noalcablebus.com\/?page_id=143\"><span style=\"color: #0c71c3;\">Elabora tu denuncia ante PROFEPA<\/span><\/a><\/li>\n<li data-start=\"1881\" data-end=\"2003\"><a href=\"https:\/\/noalcablebus.com\/?page_id=146\"><span style=\"color: #0c71c3;\">Defensa en Marchas\/Movilizaciones<\/span><\/a><\/li>\n<\/ul>\n<p>[\/et_pb_text][\/et_pb_column][\/et_pb_row][et_pb_row column_structure=&#8221;2_5,3_5&#8243; make_equal=&#8221;on&#8221; _builder_version=&#8221;4.27.6&#8243; _module_preset=&#8221;default&#8221; module_alignment=&#8221;center&#8221; custom_margin=&#8221;30px||30px||false|false&#8221; animation_style=&#8221;fade&#8221; hover_enabled=&#8221;0&#8243; custom_css_free_form=&#8221;selector {\talign-items: center; }&#8221; global_colors_info=&#8221;{}&#8221; sticky_enabled=&#8221;0&#8243;][et_pb_column type=&#8221;2_5&#8243; _builder_version=&#8221;4.27.6&#8243; _module_preset=&#8221;default&#8221; hover_enabled=&#8221;0&#8243; global_colors_info=&#8221;{}&#8221; background_color=&#8221;RGBA(255,255,255,0)&#8221; sticky_enabled=&#8221;0&#8243;][et_pb_image src=&#8221;https:\/\/noalcablebus.com\/wp-content\/uploads\/2026\/04\/Recursos-Juridicos.png&#8221; title_text=&#8221;Recursos Juridicos&#8221; align=&#8221;center&#8221; _builder_version=&#8221;4.27.6&#8243; _module_preset=&#8221;default&#8221; hover_enabled=&#8221;0&#8243; global_colors_info=&#8221;{}&#8221; background_color=&#8221;#1e4127&#8243; sticky_enabled=&#8221;0&#8243; admin_label=&#8221;Image&#8221;][\/et_pb_image][\/et_pb_column][et_pb_column type=&#8221;3_5&#8243; _builder_version=&#8221;4.27.6&#8243; _module_preset=&#8221;default&#8221; global_colors_info=&#8221;{}&#8221;][et_pb_text _builder_version=&#8221;4.27.6&#8243; _module_preset=&#8221;default&#8221; z_index_tablet=&#8221;&#8221; z_index_phone=&#8221;&#8221; z_index_last_edited=&#8221;on|phone&#8221; global_colors_info=&#8221;{}&#8221;]<\/p>\n<h1 class=\"\"><\/h1>\n<p><span><\/span><\/p>\n<p>&nbsp;<\/p>\n<h3 data-start=\"1836\" data-end=\"1879\">Leyes, Protocolos y Normativas<\/h3>\n<ul data-start=\"1881\" data-end=\"2974\">\n<li data-start=\"1881\" data-end=\"2003\">\n<p data-start=\"1883\" data-end=\"2003\"><a href=\"https:\/\/nodho.net\/wp-content\/uploads\/2025\/06\/LGEEPA.pdf\">Ley General del Equilibrio Ecol\u00f3gico y la Protecci\u00f3n al Ambiente (LGEEPA).<\/a><\/p>\n<\/li>\n<li data-start=\"2004\" data-end=\"2141\">\n<p data-start=\"2006\" data-end=\"2141\"><a href=\"https:\/\/nodho.net\/wp-content\/uploads\/2025\/06\/LFRA_200521.pdf\">Ley Federal de Responsabilidad Ambiental<\/a><\/p>\n<\/li>\n<li data-start=\"2142\" data-end=\"2222\">\n<p data-start=\"2144\" data-end=\"2222\"><a href=\"https:\/\/nodho.net\/wp-content\/uploads\/2025\/06\/LGCC.pdf\">Ley General de Cambio Clim\u00e1tico.<\/a><\/p>\n<\/li>\n<li data-start=\"2223\" data-end=\"2318\">\n<p data-start=\"2225\" data-end=\"2318\"><a href=\"https:\/\/nodho.net\/wp-content\/uploads\/2025\/06\/LGDFS.pdf\">Ley General de Desarrollo Forestal Sustentable.<\/a><\/p>\n<\/li>\n<li data-start=\"2319\" data-end=\"2391\">\n<p data-start=\"2321\" data-end=\"2391\"><a href=\"https:\/\/nodho.net\/wp-content\/uploads\/2025\/06\/LAN.pdf\">Ley de Aguas Nacionales.<\/a><\/p>\n<\/li>\n<li data-start=\"2392\" data-end=\"2543\">\n<p data-start=\"2394\" data-end=\"2543\"><a href=\"https:\/\/nodho.net\/wp-content\/uploads\/2025\/06\/esp-acuerdo-de-escazu-inpi.pdf\">Acuerdo Regional de Escaz\u00fa<\/a><\/p>\n<\/li>\n<li data-start=\"2694\" data-end=\"2812\">\n<p data-start=\"2696\" data-end=\"2812\"><a href=\"https:\/\/nodho.net\/wp-content\/uploads\/2025\/06\/Protocolo_Materia-ambiental_Acuerdo-de-Escazu.pdf\">Protocolo de la SCJN para juzgar casos ambientales a la luz de Escaz\u00fa.<\/a><\/p>\n<\/li>\n<li data-start=\"2813\" data-end=\"2974\">\n<p data-start=\"2815\" data-end=\"2974\"><a href=\"https:\/\/nodho.net\/wp-content\/uploads\/2025\/06\/guidingprinciplesbusinesshr_sp.pdf\">Principios Rectores de la ONU sobre Empresas y Derechos Humanos<\/a><\/p>\n<\/li>\n<\/ul>\n<p>[\/et_pb_text][\/et_pb_column][\/et_pb_row][\/et_pb_section]<\/p>\n","protected":false},"excerpt":{"rendered":"<p>Defensa del territorio Elabora tu denuncia ante PROFEPA Defensa en Marchas\/Movilizaciones &nbsp; Leyes, Protocolos y Normativas Ley General del Equilibrio Ecol\u00f3gico y la Protecci\u00f3n al Ambiente (LGEEPA). Ley Federal de Responsabilidad Ambiental Ley General de Cambio Clim\u00e1tico. Ley General de Desarrollo Forestal Sustentable. Ley de Aguas Nacionales. Acuerdo Regional de Escaz\u00fa Protocolo de la SCJN [&hellip;]<\/p>\n","protected":false},"author":2,"featured_media":0,"parent":0,"menu_order":0,"comment_status":"closed","ping_status":"closed","template":"","meta":{"_et_pb_use_builder":"on","_et_pb_old_content":"","_et_gb_content_width":"","footnotes":""},"class_list":["post-122","page","type-page","status-publish","hentry"],"_links":{"self":[{"href":"https:\/\/noalcablebus.com\/index.php?rest_route=\/wp\/v2\/pages\/122","targetHints":{"allow":["GET"]}}],"collection":[{"href":"https:\/\/noalcablebus.com\/index.php?rest_route=\/wp\/v2\/pages"}],"about":[{"href":"https:\/\/noalcablebus.com\/index.php?rest_route=\/wp\/v2\/types\/page"}],"author":[{"embeddable":true,"href":"https:\/\/noalcablebus.com\/index.php?rest_route=\/wp\/v2\/users\/2"}],"replies":[{"embeddable":true,"href":"https:\/\/noalcablebus.com\/index.php?rest_route=%2Fwp%2Fv2%2Fcomments&post=122"}],"version-history":[{"count":4,"href":"https:\/\/noalcablebus.com\/index.php?rest_route=\/wp\/v2\/pages\/122\/revisions"}],"predecessor-version":[{"id":151,"href":"https:\/\/noalcablebus.com\/index.php?rest_route=\/wp\/v2\/pages\/122\/revisions\/151"}],"wp:attachment":[{"href":"https:\/\/noalcablebus.com\/index.php?rest_route=%2Fwp%2Fv2%2Fmedia&parent=122"}],"curies":[{"name":"wp","href":"https:\/\/api.w.org\/{rel}","templated":true}]}}